be (-24)/(-14) - (-3)/(s/(-6)). Determine t(h).
-9
Let f(m) = -3*m**3 - 8*m**2 + 7*m - 2. Let a(p) = p**3 - p. Let y(k) = -4*a(k) - f(k). Determine y(8).
-22
Let o(x) be the first derivative of -1/2*x**2 + 2*x + 2*x**3 - 1/4*x**4 - 3. Suppose -a + 14 = 3*n - 0*a, 3*n = -2*a + 10. Determine o(n).
-4
Let v(j) = -9*j**2 - 8*j**2 + 4*j - 6 - 3*j**2 + 30*j**2 - 9*j**2. Give v(-5).
-1
Let x(s) = -16*s + 26. Let b(h) = -24*h + 42. Let y(o) = 5*b(o) - 8*x(o). Give y(-1).
-6
Let q(f) = 2*f - 26. Suppose o - 123 = -117. Let w(a) = -a + 12. Let b(z) = o*q(z) + 13*w(z). Suppose 5*s + 4 = s. What is b(s)?
1
Let w(a) = -8*a + 8. Let p = 0 - 14. Let s(x) be the second derivative of x**3/2 - 3*x**2/2 + x. Let l(i) = p*s(i) - 5*w(i). What is l(-3)?
8
Let s(z) = -z**2 - z - 10. Suppose 0 = o + 18 - 18. What is s(o)?
-10
Suppose 5*l - 3 = 4*l. Let y(t) = 6*t**3 - 2*t**2 - 7*t - 4. Let g(q) = -q**3 + q + 1. Let b(k) = 5*g(k) + y(k). Give b(l).
4
Let y(r) = 6*r - 1. Suppose -3 = 13*n - 16. Determine y(n).
5
Suppose 16*c - 34*c = 72. Let h(z) = -z**2 - 2*z + 5. Determine h(c).
-3
Let q(m) = -m**2. Let u(r) = -r**2 + 3*r - 2. Let v be u(3). Let o(z) = 2*z + 3. Let f(a) = v*q(a) + o(a). What is f(-2)?
7
Let c(l) be the first derivative of l**4/4 - 2*l**3 - 3*l**2 - 10*l - 1. Suppose -4*k + 0*k = -40. Suppose 5*f + 5*x + k = 65, 4*x - 30 = -2*f. Calculate c(f).
-3
Let z(v) = 7*v**3 + 11*v**2 + 2*v + 11. Let k(f) = 16*f**3 + 23*f**2 + 4*f + 23. Let p(a) = 3*k(a) - 7*z(a). Give p(-8).
8
Suppose -15*f - 27 = 48. Let p(j) = j**3 + 6*j**2 + 3*j - 3. Give p(f).
7
Let b(n) be the first derivative of 1/4*n**4 - 1/2*n**2 + 13 - 2*n**3 + 8*n. What is b(6)?
2
Let u = 14 - -23. Let y(l) = -52*l**2 + 1 + 101*l**2 - u*l**2 - l. Let p(i) = -i - 4. Let z be p(-5). What is y(z)?
12
Let y(q) = -q**3 + 8*q**2 - 13*q. Let w be (-7)/(-7)*5 + (-3)/(-3). Calculate y(w).
-6
Let j(h) be the first derivative of -h**2/2 - 14*h + 156. Calculate j(-12).
-2
Let i be 18/3*(-10)/(-15). Let l(b) = 5*b**3 - 5*b**2 - 8. Let n(m) = m**3 - m - 1. Let s(z) = l(z) - 4*n(z). What is s(i)?
-4
Let z(s) = s**3 + 4*s**2 + 3*s + 2. Let v = 1 - -2. Let n be 3*-1 - (-3 + v). Let j be z(n). Let x(a) = 2*a**2 + 2*a - 2. Calculate x(j).
10
Suppose 0 = 134*d - 120*d - 112. Let h(m) = -5*m + 19. What is h(d)?
-21
Suppose 0 = 2*r + 2*g - 3 - 1, 3*r - 14 = g. Let o(z) be the third derivative of -1/3*z**3 + 0*z + 1/24*z**4 - 2*z**2 + 0. What is o(r)?
2
Let j(a) be the first derivative of -a**4/4 + a**3/3 + a**2/2 - a + 291. Suppose 3*m = 2*m. Determine j(m).
-1
Let j(w) = 8*w**2 + 46 - 329*w - 2*w**2 + 312*w - 5*w**2. Calculate j(14).
4
Let g(o) = o**3 - 3*o**2 + 3*o - 4. Let x(z) = -2*z**3 - z**2 + z - 1. Let u(h) = g(h) + x(h). Give u(-5).
0
Let l = 76 + -48. Let o = l - 23. Let s(z) = z**2 - 5*z + 2. Let p(x) = -x**2 + 6*x - 3. Let a(c) = 3*p(c) + 2*s(c). Determine a(o).
10
Let q = -26 - -46. Let t = q - 18. Let u(y) = 5 + 5*y**t - 6 - y - 1 - 2*y**2. Determine u(-2).
12
Let i(h) = h**3 + 5*h**2 + 2*h + 10. Let t be i(-5). Let o(q) = q**3 + q**2. Give o(t).
0
Let a(z) = 4*z + 29. Let k be a(-8). Let i(l) = -l**3 + 4*l - 4. Let n(d) = d**2 + d - 1. Let u(y) = i(y) - 4*n(y). Determine u(k).
-9
Suppose -78*y + 66 = -56*y. Let n(z) be the third derivative of 0 + 0*z + 1/120*z**6 + 1/24*z**4 + 7*z**2 - 1/6*z**y - 1/15*z**5. Determine n(4).
3
Let o(x) be the first derivative of -x**2 - 2*x - 48. Suppose h = -4*s - 0 + 3, -8 = 2*h + s. Let l = 2 + h. Determine o(l).
4
Let y(q) be the third derivative of 1/8*q**4 + 0 + 1/60*q**5 + 0*q - 5/6*q**3 + 4*q**2. Let d = 13 + -18. Give y(d).
5
Let s(o) be the third derivative of -o**8/20160 + o**7/5040 - o**6/360 - 13*o**5/60 - 13*o**2. Let b(r) be the third derivative of s(r). What is b(2)?
-4
Let x(k) = -k - 2. Let n be (3*3)/(18/(-12)). Let r be 0/1 + n/(-2). Let q(s) = -s**3 + 2*s**2 + 2*s - 3. Let l be q(r). What is x(l)?
4
Let i(x) = x**3 - 12*x**2 + 21*x - 17. Let q be i(10). Let m(r) = -r + 4. Give m(q).
11
Let b(m) = m**3 - 3*m**2 - 4. Suppose -7*t + 2*t + n + 13 = 0, 4 = -2*t + 5*n. What is b(t)?
-4
Suppose 4*l = -4*f - 16, 0 = -5*f - 0*f - l - 4. Let u(g) = -g**3 - g**2 + g + 11. What is u(f)?
11
Let z(i) = -i + 7. Let g be z(-12). Suppose c - t = 2*c + 2, -3*c + 2*t = -g. Suppose -c*b - 8 = 1. Let u(d) = d**3 + 3*d**2 - 2*d - 2. What is u(b)?
4
Let q = -5 - -4. Let h be (2 - q) + -6 + 26. Let c(y) = 2*y**2 + y**2 + 21 - h + 2*y. Determine c(-2).
6
Let v(d) = -2*d + 8. Let l(p) = 3*p - 16. Let g(q) = -3*l(q) - 5*v(q). Let a(u) = -u**3 - 9*u**2 + 10*u. Let r be a(-10). Suppose r*b = 2*b. Give g(b).
8
Let q(u) = -4*u**2 + 3*u - 30*u**3 - 2*u - 2*u + 31*u**3 - 4 - 5*u. Let j = 8 + -3. Determine q(j).
-9
Let y(g) = g**3 - 9*g + 13*g**2 - 1 + 23*g**2 - 49*g**2 + 11*g**2. Determine y(4).
-5
Let q(i) = -2*i - 2. Suppose 2*c + 3*c + 2*u + 114 = 0, 3*c = -5*u - 76. Let w(x) = x**2 + 25*x + 63. Let m be w(c). Determine q(m).
4
Let x(n) be the first derivative of n**3/3 + n**2 - 14*n + 13. Let j(t) = -2*t**2 - 3*t + 29. Let h(r) = 4*j(r) + 9*x(r). Determine h(-8).
6
Let c(j) = 2*j + 0*j + 10 - 3. Let f(a) = -a - 4. Let d(p) = 4*c(p) + 7*f(p). Suppose 14*m = -134 + 50. What is d(m)?
-6
Let f be ((-3)/2)/(-1 + (-5)/(-8)). Let j be 2*6/f + 0/(-2). Let n(i) = i**2 + i + 2. What is n(j)?
14
Let h = -48 + 54. Let d(v) = 4 - 5 - h*v + v + 0. Give d(1).
-6
Let t(v) be the third derivative of -v**4/24 + 2*v**3 + 8*v**2 + 10*v. What is t(15)?
-3
Let h(m) = m**3 + 6*m**2 - 2*m - 9. Let c be h(-6). Let g(n) = -7*n**2 - 2*n**3 + n**3 + 2*n**c + 1. Suppose 35*b = 34*b + 7. Determine g(b).
1
Let v(b) be the third derivative of -b**5/60 - b**4/24 + b**3/6 - 76*b**2. Determine v(-3).
-5
Suppose -5*x + 33 = 3*k - 0*x, -5*k - 4*x = -42. Let s(r) = 3*r - 22 + 21 + k*r. Calculate s(1).
8
Let t be (-9)/18 + (-6)/(-4). Let w(h) = 0*h + 0*h + t - 9 + 4*h. Calculate w(6).
16
Let m(b) be the second derivative of 1/6*b**3 - 3*b**2 + 23*b + 0. What is m(-7)?
-13
Suppose 18*n = 21*n - 3. Let l(g) be the second derivative of -2*g**5/15 - g**3/6 + g**2 + 3*g. Let f(w) be the first derivative of l(w). What is f(n)?
-9
Let c be 1 + 12/(-3) - -1. Let x = 0 + c. Let n(v) = 3*v + v**2 - v + 2 + 0*v**2. Determine n(x).
2
Let w be (2/(-6))/((-1)/9). Let j = w + -7. Let n(u) = 7*u**2 + 9*u + 12. Let g(b) = -11*b**2 - 13*b - 18. Let v(r) = 5*g(r) + 8*n(r). Determine v(j).
-6
Let y(i) be the first derivative of 22*i**3/3 - i**2/2 + 42. Calculate y(1).
21
Let m(d) be the first derivative of d**7/840 + d**6/72 - 5*d**4/24 + 2*d**3/3 + 29. Let v(g) be the third derivative of m(g). What is v(-5)?
-5
Let r(j) = 3*j + 11. Let u = -286 + 278. What is r(u)?
-13
Let z be 3*6/27 + (-4)/6. Let o(g) = g - 12. Determine o(z).
-12
Let n(k) = 4*k**2 + 3*k. Let f = 4 - 2. Let x(y) = 8*y**f - 1 + 7*y + y**2 + 4 - 2. Let v(d) = -7*n(d) + 3*x(d). Determine v(3).
-6
Let h(y) = -5*y + 2. Let t(u) = -14*u + 6. Let z(c) = -11*h(c) + 4*t(c). Suppose -r + 3*m - 11 = 0, 20*r = 16*r + 3*m + 1. Determine z(r).
-2
Let p(b) = -2*b + 1. Suppose s - 8 = 2*q, -2*q + 4 = 5*s + 24. Let k be 6*(20/(-6))/q. Suppose -k = -5*t + 1. Calculate p(t).
-1
Let t be 1*(-2 + 5) - -1. Suppose -4*h - 32 = -7*h + 4*v, 4*h = -t*v - 4. Let i(x) be the third derivative of x**4/24 - x**3/6 - 2*x**2 + 12. Give i(h).
3
Let j(o) = o**3 + 4*o**2 + 2*o + 6. Suppose 8*w + 342 = 302. What is j(w)?
-29
Let t(l) be the first derivative of l**4 + 2*l**3/3 - l**2/2 - 304. Let w(b) = -b**3 - 2*b**2 + 5*b + 4. Let u be w(-3). Determine t(u).
-22
Let v(p) = -2*p**2 + 3*p + 1. Let r(l) = l**2 - 5*l + 8. Let f be r(4). Calculate v(f).
-19
Let r(f) be the third derivative of f**6/120 + f**5/10 - 5*f**4/8 + 2*f**3/3 - 33*f**2. What is r(-8)?
-4
Let q(b) = 6*b**2 - 10*b + 7. Let c(a) = -7*a**2 + 10*a - 7. Let k(h) = 5*c(h) + 6*q(h). Let m(d) = -d**2 + 6*d + 1. Let j be m(5). Calculate k(j).
-17
Let r = -507 - -510. Let o(h) = h**3 - 3*h**2 - 4*h + 3. Calculate o(r).
-9
Let o(y) = -y**3 - 10*y**2 - 22*y - 2. Let h be o(-7). Let a(z) = z**3 - 5*z**2 - 3*z + 11. Give a(h).
-4
Let v(k) be the first derivative of k**5/120 + 5*k**4/24 + 7*k**3 - 39. Let u(j) be the third derivative of v(j). Give u(-8).
-3
Let w(s) be the second derivative of -s**7/840 + 7*s**6/360 - s**5/20 - s**4/6 - 11*s**3/3 + 